6. What is the tens digit of z?
3
Let s(u) = -u**3 - 2*u - 3. Let p be s(-2). What is the units digit of p/(-2)*(-4)/3?
6
Suppose 5*k - 3*k + 4 = 0. What is the tens digit of (-832)/(-39) + k/(-3)?
2
What is the units digit of (-6)/9 - (-771)/9?
5
Suppose -4*t - 4 = -6*t. Let q = 5 - t. What is the units digit of q?
3
Let t = -6 + 15. What is the units digit of (t/6)/(9/24)?
4
Let h be (-5)/(-10)*(-1 - -1). Suppose -c = h, 60 = -2*t + 6*t - c. What is the units digit of t?
5
Suppose 2*f - 530 = -4*w, -5*f + 0*w = -w - 1369. What is the hundreds digit of f?
2
Let q be 0*(-2 - -1) + 2. Suppose 0 = -j + q*j - 11. What is the units digit of j?
1
Suppose -5*p + 7 = n + 2*n, -5*p = -n - 11. Suppose 2*r - 3*r = 2, p*j - 16 = -r. What is the units digit of j?
9
Let f = 43 - 23. Suppose 3 = -h + f. What is the units digit of h?
7
Let a(y) = -y**3 - 7*y**2 - y - 5. Let u be a(-7). What is the units digit of -6*(5/u)/(-5)?
3
Let o = -2 - -4. Suppose -w - o = -5. Suppose -5*y - 15 = -5*q, 5*y + w = -4*q + 24. What is the units digit of q?
4
Let u(v) = v**3 - 6*v**2 + 7*v - 7. Suppose -15 = -3*l - 2*n + 5*n, 3*l - 15 = n. Let w be u(l). Let a = w - -3. What is the units digit of a?
6
Let q(g) = g**3 + 8*g**2 + 12*g + 1. What is the units digit of q(-6)?
1
What is the units digit of ((-97)/(-2) - 4) + 2/4?
5
What is the units digit of 33 + (-12)/(1 + 2)?
9
Let h = 3 + -2. Suppose 2*k + 3*d = 9, 3*d = 5*d + 6. What is the tens digit of -6*(h + (-24)/k)?
1
Suppose 5*g - 5*s + 3*s = 361, -3*g + 4*s + 211 = 0. What is the units digit of g?
3
Let q = 1 - -8. Let g = q + 4. What is the tens digit of g?
1
Let p be 3*-1 - (-3 - 5). Suppose -p*s + 0 = -10. Suppose s*w = 5 + 7. What is the units digit of w?
6
Let y(b) = 2*b + 2. Let m be y(0). What is the tens digit of ((-72)/30)/(m/(-45))?
5
Let p = -150 + 255. Let l = p - 57. What is the units digit of l?
8
Suppose 0 = 2*y - 0 - 6. Suppose -2*f = -y*p + p + 84, 0 = -4*f - 4*p - 200. Let m = f - -64. What is the units digit of m?
8
Let g(m) be the first derivative of m**3/3 - 7*m**2/2 + 2*m + 1. Let x = 1 - -6. What is the units digit of g(x)?
2
Suppose 6*t - t + 25 = 5*q, 0 = 5*t + 5*q - 25. Suppose t = -2*c - 2*y, -16 = c + 4*y - 7*y. Let w = -1 - c. What is the units digit of w?
3
Suppose -5*g - i = -376, g - 2*i - 18 = 66. What is the tens digit of g?
7
Let g(c) = -c + 1. Let q(v) = 4*v + 23. Let p(t) = 2*g(t) - q(t). What is the tens digit of p(-12)?
5
Let b(g) = -g**3 - 4*g**2 + 19*g - 2. What is the units digit of b(-7)?
2
Suppose -7*b + 100 = -3*b. What is the units digit of b?
5
Let n(c) = c - 4. Let a be n(5). Let o be (34/3)/(a/3). Let b = o + -21. What is the tens digit of b?
1
Let o(y) = -y - 7. Let t(m) = 1. Let x(v) = o(v) + 5*t(v). What is the units digit of x(-9)?
7
Let o = -186 - -291. What is the units digit of o?
5
Let c(z) = 6*z - 4. Let d be c(10). Suppose -w + d = 4*r, -2*w - w = -4*r + 56. What is the tens digit of r?
1
Let x be 7 + -1 - (-1 - 0). Let z(w) = -w**2 + 9*w + 8. What is the units digit of z(x)?
2
Let z = 0 - -2. Suppose 0 = 2*j - 3*f - 30, 0*j + 2*f + 34 = z*j. Suppose -3*o = 2*v - j, 0*o - 14 = -v - 5*o. What is the units digit of v?
9
Suppose -3*x + 50 = -a - a, 0 = -2*x - a + 24. Suppose 4*d - 8 = -4*p, -2*d = 3*p - 0*p - 8. Let u = x + d. What is the tens digit of u?
1
Let s = -41 - -74. What is the tens digit of s?
3
Let z(v) = v**2 + 1. Let a(c) = 9*c**2 - c + 8. Let k(x) = a(x) - 6*z(x). Let d(f) be the first derivative of k(f). What is the units digit of d(1)?
5
Let z(y) = -5*y + 4. What is the tens digit of z(-6)?
3
Suppose -2*a = -3*t - 53, 0 = -a - t - 2*t + 40. What is the units digit of a?
1
Let a(x) = -5 + 0*x - 3*x + 4*x. Let l be a(6). What is the units digit of 3/2 + l/2?
2
Suppose n + 150 = 4*y, -7*y - 3*n + 158 = -3*y. Let i = 52 - 77. Let q = y + i. What is the units digit of q?
3
Let q(l) be the third derivative of 7*l**5/60 + l**4/12 - 4*l**2. What is the tens digit of q(-2)?
2
Let v(l) = l**2 - 2*l + 2. Let j be v(3). Suppose -18 = j*k - 2*k. What is the units digit of 0 - 2/(-2) - k?
7
Let m(i) = 6*i**3 + 2*i**2 - i. Let q = 2 + -5. Let j be -1 + 2 + (-3 - q). What is the units digit of m(j)?
7
Let s(z) = 2*z**2 - 6*z + 3. Let v be 1/(-2 - (-27)/12). Let f be s(v). Suppose -f - 1 = -2*c - 2*p, 0 = 2*c - 5*p + 16. What is the units digit of c?
2
Let i = 4 - 4. Suppose o - 4 + 3 = i. Suppose o = -j + 2. What is the units digit of j?
1
Suppose 0 = -i + 37 - 6. Let r = i - 19. What is the tens digit of r?
1
Suppose -4*d = -7*d - 33. Let z = d - -25. What is the tens digit of z?
1
Suppose 0 = -0*i + 5*i - 5. Suppose 5*x + 4*p - 5 = 0, -5*p = 3*x - i - 2. What is the units digit of x?
1
Suppose -5*y + 257 = -2*d, -2 = 4*d + 2. What is the tens digit of y?
5
Let a = 0 + 5. Suppose -o = -2*x + 4*o - 25, -x + a = o. Suppose -4*g + 9 + 15 = x. What is the units digit of g?
6
Let r = 2 + -5. Let l be (-5)/r + 4/(-6). Suppose n = l - 0. What is the units digit of n?
1
Let u = 5 + 2. Suppose u = 2*a - 7. What is the units digit of a?
7
Let x(y) = 4*y**2 - y. Let u be x(-1). Let v(j) = 3*j**2 - j + 1. Let h be v(1). Let i = u - h. What is the units digit of i?
2
What is the units digit of ((615/(-9))/5)/((-1)/12)?
4
Let d be (0 - -1)*(26 + 8). Let u = d - 17. What is the units digit of u?
7
Let z(d) = 2*d - d + 2 - d + 3*d. What is the units digit of z(9)?
9
Let k be (-4)/14 + (-30)/(-7). Let a = -1 + k. Suppose 3*z + a = 24. What is the units digit of z?
7
Suppose -5*r - d = -30 - 39, 2*r = -3*d + 38. Suppose -36 = 2*w + 2*w. Let z = w + r. What is the units digit of z?
4
Suppose h + 2*h = 4*g - 4, -2*g = -2*h - 2. Let v(l) = -l + 4 - g - 3 + 7. What is the units digit of v(0)?
7
Let n = -6 + 27. What is the tens digit of n?
2
Suppose -253 = -10*q + 567. What is the units digit of q?
2
Suppose 27 = -4*t - 2*o - 3*o, -o + 6 = -3*t. Let g(f) = f + 16. Let p be g(-12). Let q = p + t. What is the units digit of q?
1
Let v be (-2)/3 + 190/15. Let c = -52 - 17. What is the units digit of 2/v + c/(-18)?
4
Suppose 0 = y - 2*y + 6. Let w = y + 2. What is the units digit of w?
8
Suppose -10*g = -88 - 132. What is the units digit of g?
2
Let o be 153/(-12) - (-6)/8. Let u be (3*-1)/((-9)/o). What is the units digit of (10/15)/(u/(-6))?
1
Let f = -9 - -12. Suppose f*p = p + 52. What is the tens digit of p?
2
Suppose 5*j = -5*y + 2*j + 288, 3*j + 111 = 2*y. What is the tens digit of y?
5
Suppose -1025 = -5*i + f - 0*f, -f + 1015 = 5*i. What is the tens digit of i?
0
Let v be 6/(-21) + 330/(-21). Let y = 26 + v. What is the units digit of y?
0
Suppose k = 4*f + 55, -2*f = 2*k - 0*k - 70. Suppose 0 = 5*y - p - 3*p - 180, -2*p + 108 = 3*y. Suppose -k = -5*x + y. What is the units digit of x?
5
Let d = -154 + 109. What is the tens digit of 1/2*(-3 - d)?
2
Let o = 24 - 25. Let m(y) be the second derivative of -7*y**5/20 + y**2/2 - 2*y. What is the units digit of m(o)?
8
Let w(u) = u**2 - 3 + 0*u**2 + 2 + 2*u. Let r be 5/(-10)*(-4)/2. What is the units digit of w(r)?
2
Suppose s = 50 + 49. What is the units digit of s?
9
Let a be (-5)/(15/(-4))*3. What is the units digit of ((-2)/a)/((-2)/16)?
4
Let a be -36*1/2*-1. Let f be (-1)/2*(-8)/1. Suppose 3*z - 4*r - 17 = 1, -f*r + a = 3*z. What is the units digit of z?
6
Suppose -10*b + 3*b + 2044 = 0. What is the hundreds digit of b?
2
Let h(d) = d**2 + 12*d - 21. What is the units digit of h(-19)?
2
Suppose -4*h + 3*h - 4 = 0. Let v = h - -22. What is the tens digit of v?
1
Let u(s) = 6*s + 8. Let k be u(6). Let t = k + -29. Suppose -t = -j - 4. What is the tens digit of j?
1
Let d(p) be the second derivative of 1/2*p**2 + 0 + 1/12*p**4 + 2*p + 4/3*p**3. What is the units digit of d(-8)?
1
Suppose -11*n = -16*n + 985. What is the hundreds digit of n?
1
Let z be -2*1*(-20)/(-8). What is the units digit of (2 - 0)*z/(-2)?
5
Let z(p) = -p**3 + 5*p - 6*p**2 + 3*p**3 - 3*p**3 + 7. Let q be z(-7). Let b = -15 + q. What is the units digit of b?
6
Let c(u) = -u + 2. Let k be c(-4). Let q be 1/3 + (-122)/k. What is the units digit of (22/(-8))/(5/q)?
1
Let p be 0/(-2)*(-3)/3. Suppose 4*x - 40 - 16 = p. What is the units digit of 80/x + (-4)/(-14)?
6
Let f be 30*((-39)/9 + 3). Let q = 72 + f. What is the tens digit of q?
3
Let d be (-2)/(-4)*-3*10